= 3*r + 9. Let n(y) = 2*y + 7. Let m be (8/(-10)*1)/(37/185). Let j(o) = m*a(o) + 5*n(o). What is j(2)?
-5
Let s be (0 - 28)*(-2)/4. Let w = 57 - s. Suppose -z = -4*k + 2, -4*z - 5*k - w = -14. Let c(m) = m**2 + 4*m - 1. Determine c(z).
11
Suppose 0*b = 2*b - 0*b. Let i(g) = -g**3 - g + 5. Let h be i(b). Let d(c) = -2*c - h*c + 6*c + 3 + 0*c. Determine d(0).
3
Let b(j) be the second derivative of 0 - 1/120*j**5 - 7/6*j**3 + 6*j + 0*j**2 - 1/24*j**4. Let o(s) be the second derivative of b(s). Determine o(-8).
7
Suppose 3*c = -3*h - 21, 0*h + 5*c = -2*h - 8. Let n(u) = -u**3 - 8*u**2 + 10*u + 6. Let p be n(h). Let l(o) = -2*o - 2. Give l(p).
4
Let u(t) be the second derivative of t**5/20 - 13*t**4/12 + 2*t**3 + 6*t**2 - 76006*t. Let f = 30 - 18. What is u(f)?
12
Let s(g) = 10*g**2 - 286646*g**3 + 7*g - 9 + 573181*g**3 - g**2 - 286534*g**3. Suppose 3*o - 9 = 0, -5*y = -o - 1 - 1. Let l = y + -9. Calculate s(l).
-1
Suppose -55*c = -230 - 100. Let j(i) be the second derivative of 1/6*i**3 - 3/2*i**2 + 1/2*i**4 + 8*i + 0 - 1/20*i**5. Determine j(c).
3
Suppose 12 = 2*j - 4*w, -4*j + 15 = -3*w - 2*w. Suppose j*m = -3*m + 12. Let s(v) = -103 + 48 + 52 + v**3 + 2*v**2 - 5*v**2. Determine s(m).
13
Let y(p) = -2*p**3 - 59*p**2 + 30*p - 13. Suppose 5*j - 4*k = -130, -3*j = -2*k - 125 + 205. What is y(j)?
-13
Let p be 101/(707/(-40)) - (-2)/(-7). Let j(g) = g + 18. Calculate j(p).
12
Let t(j) = 4*j + j**2 - 298183 + 2*j + 298187. Let a be (-8)/(-12)*(-8 - 1). Determine t(a).
4
Suppose -2*h = -4*p - 42, 0 = -4*h - 2*p - 0*p + 64. Let a(j) = -7 + 18*j + 3 - h*j + 2. Let z(r) = 8*r + 76. Let q be z(-9). Give a(q).
2
Let i(s) = -s**2 - 128 + s**2 + 9*s + 112 + s**2. Calculate i(-11).
6
Let z(o) = -o**2 - 10*o - 7. Suppose c - 5*c = -4*y - 1456, -4*c = -8. Let n = y - -356. Give z(n).
17
Suppose 3*i - 7 - 8 = -3*c, -3*c + 3 = -i. Let z(o) = -2*o + i - 3. Suppose 107*s = -191 + 55 - 185. Calculate z(s).
6
Suppose 2*l + 2*l = -3*b + 18, 4*l + 4*b = 20. Let q(x) = -2*x + 7 + l - 17 + 10. Determine q(6).
-9
Let g(j) be the third derivative of -j**6/120 - 2*j**5/5 + 5*j**3/6 + 1372*j**2. Determine g(-24).
5
Suppose 9*o = -2*o + 44. Suppose o*r = -5*z + 26, -3*z + 10 = r - 0*z. Let w(k) be the third derivative of -k**5/60 + k**4/4 - k**3/2 - 4*k**2. Determine w(r).
5
Let k(p) = -p**3 + 2*p**2 - 11*p. Let n(h) = -2*h**3 + 3*h**2 - 27*h. Let u(d) = -d + 13. Let s be u(8). Let r(l) = s*k(l) - 2*n(l). Give r(3).
6
Let o(r) = -1056*r - 14794. Let g be o(-14). Let i(t) = 21*t + 201. Calculate i(g).
-9
Suppose -3*w - 2*n = -19, 5 = w + 6*n + 4. Let c(t) = 5*t - 24. Calculate c(w).
11
Let y(w) = -2*w**2 + 2*w - w**2 + w**3 + 0*w**2 + 0*w**2. Let f be 1*(-10 + 7) - (-7 - -1). Calculate y(f).
6
Let c(x) = -46*x + 232. Let y(h) = h + 5. Let t(w) = -c(w) - 3*y(w). What is t(6)?
11
Let s(t) be the second derivative of t**3/3 + t**2/2 - 37*t. Let j be -2*((-7)/(-2))/(-7). Determine s(j).
3
Let r(m) = -m**2 - 30*m - 66. Let t(f) = -f**3 + 84*f**2 - 398*f + 234. Let z be t(79). Calculate r(z).
15
Let z(j) = -j**2 + 9*j - 19. Let y(p) = 6*p**2 + 270*p - 11 - 3 + 249*p - 535*p. Let u be y(-1). Determine z(u).
-11
Let c be (1 - -1 - 3)*-1. Let t be (-5)/(-1) - (c + -1). Let u(a) = -1 - 20*a**2 - t*a + 21*a**2 + 1. Give u(5).
0
Let s(a) = -4*a - 4. Let w = 48 - 31. Let i(x) = -w*x - x**2 - 4*x**2 - 6*x**2 + 6 - x**3. Let f be i(-9). Calculate s(f).
8
Let a(u) = u**3 + 6*u**2 + 4*u + 5. Let g be -6*(4 - 31/6). Suppose -1 = -3*j + 4*c, 0 = -g*j + 6*j - 3*c - 17. What is a(j)?
10
Suppose -p + 9 = 3*y, -20*p - 5*y - 19 = -24*p. Let o(k) = -2*k**3 + 10*k**2 + 13*k + 7. What is o(p)?
13
Let n be (-38)/(-6) - (-4)/(-12). Let p(t) = -9*t**2 + 9*t + 3. Let b(a) = -11*a**2 + 10*a + 4. Let w(x) = 4*b(x) - 5*p(x). What is w(n)?
7
Let d = 6419 + -6444. Let y(n) = -n**2 - 25*n - 28. What is y(d)?
-28
Let v(i) be the second derivative of i - 9 + 0*i**4 - 1/3*i**3 + 1/2*i**2 - 7/20*i**5. Suppose -4*u + 5 - 1 = 0. Determine v(u).
-8
Let s = 17 - -4. Suppose 0*f = 7*f - s. Suppose -3*z - 2*y = -1, 4*y = f*y - 4. Let d(h) = -h**2 + h - 3. Give d(z).
-9
Let j(i) = 472*i + 6136. Let d be j(-13). Let f(s) = 257*s - 3. Give f(d).
-3
Let r(i) = -6*i**3 - i**2 + 3*i + 23. Let j(d) = -2*d**3 - 203*d + 5 + 2 + 204*d. Let z(b) = 7*j(b) - 2*r(b). Give z(3).
-30
Let d(b) be the first derivative of -b**2 + b - 2. Let v(h) = 2*h**2 - 23*h - 391. Let z be v(21). Calculate d(z).
-15
Let h(y) be the first derivative of y**5/2 + y**4/12 + y**3/6 - y**2/2 - 139*y + 26. Let l(c) be the first derivative of h(c). What is l(1)?
11
Let k be (-4 - -15 - 4) + -3. Let d(p) = -2*p**2 + 2*p + 24. Give d(k).
0
Let x be (-10)/2 - -8 - (-9)/3. Let d be (-2 + 0)/4 + 3/x. Let a(k) be the first derivative of -k**4/4 - k**3/3 - 13*k + 77. Give a(d).
-13
Let z(q) be the first derivative of 2*q**2 + 9*q - 2926. Let l be (-1)/(-1) - 32/4. Determine z(l).
-19
Let b(t) = t**2 - t - 1. Let r(c) be the second derivative of -c**4/4 + 2*c**3/3 + 3*c**2/2 - 2*c. Let f = 852 + -854. Let y(a) = f*b(a) - r(a). Give y(6).
23
Let w(i) = 2*i + 3. Let l(k) = k - 1. Let y(c) = 4*l(c) + w(c). Suppose 2*x + 34 - 12 = 0. Let v(o) = -2*o**3 - 19*o**2 + 33*o - 1. Let s be v(x). Give y(s).
-7
Let j = -254 + 257. Suppose -j*v - 3*n - 30 = 18, 3*v + 2*n + 46 = 0. Let l(x) = -x - 15. Give l(v).
-1
Let s(x) = 3615*x + 16*x**2 - 76*x**3 + 75*x**3 - 3640*x. Calculate s(14).
42
Let a(q) = 2*q**3 + 16*q**2 + 14*q - 4. Suppose -70 = -189*u + 199*u. Give a(u).
-4
Let o(z) = -z**3 + 3*z**2 + 10. Let j(p) = -5*p**3 - 7*p**2 - 5*p + 2. Let m be j(-1). Calculate o(m).
-40
Let f(q) be the second derivative of q**4/12 - 5*q**3/6 + 3*q**2/2 - 2*q. Suppose -15*c = -42*c - 16*c + 172. Determine f(c).
-1
Suppose 17 - 13 = 2*i. Suppose -i*l - 2 = 4*g, -2*l + 3*g + 14 = -l. Let v(f) = 4*f - 2 + 0 - 3*f. Determine v(l).
3
Let o(w) be the first derivative of -1/4*w**4 + 3*w - 3/2*w**2 + 26 - 2/3*w**3. Calculate o(2).
-19
Suppose -2*n + 3*o = 3*n - 1365, 1129 = 4*n + 5*o. Let y = n + -276. Let f(l) be the first derivative of -l**4/4 - l**3/3 + l**2/2 - 16*l + 2. Calculate f(y).
-16
Let o(r) be the second derivative of -r**4/4 + r**3/6 + r**2/2 - 612*r - 1. Give o(0).
1
Let j(u) = -u**2 - 26*u + 14. Let b be (-3 + 14/6)/(7184/(-600) + 12). Determine j(b).
39
Suppose 27*t - 26*t = 4*n - 37, n = -2*t - 47. Let i(d) = 2*d + 71. Determine i(t).
21
Let o(m) = m**2 - 9*m + 4. Let j(t) = t - 1. Let n(i) = -5*j(i) - o(i). Let b = -11935 - -11941. Give n(b).
-11
Let g(a) be the second derivative of -a**5/10 + 5*a**3/3 - a**2/2 + 102*a + 2. Give g(3).
-25
Let f(p) = -58*p - 87. Let h be f(-7). Let j = -320 + h. Let n(o) be the first derivative of -3*o**2 - 1. Calculate n(j).
6
Let a(n) = 21*n - 207. Let p(y) = -89*y + 828. Let f(z) = 9*a(z) + 2*p(z). What is f(19)?
2
Let c(p) = p**2 + 12*p - 14. Let m be 4 - (-11)/((-55)/900). Let a = -189 - m. Give c(a).
-1
Let f(m) = -5*m**3 + 34*m**2 - 41*m + 18. Let r(p) = p**3 - 7*p**2 + 8*p - 3. Let z(h) = 2*f(h) + 11*r(h). Determine z(8).
-13
Let k = -11279 - -11280. Let c(g) = -9*g**2 + 10*g - 1. Give c(k).
0
Let o(n) = 53*n + 2. Let v(a) = 42*a + 3. Let j(s) = -4*o(s) + 5*v(s). Let x be (-2)/(-5) + (-23)/(-5). Give j(x).
-3
Let n = 24856 - 24859. Let a(g) = -24*g. Give a(n).
72
Let p(y) be the first derivative of y**2/2 - 5*y - 1. Suppose 14*d + 165 = 3*d. Let i be (-12)/18 + (-85)/d. Determine p(i).
0
Let k(n) = -17*n. Let s(a) = -141*a - 34. Let d(p) = -8*k(p) + s(p). Give d(-6).
-4
Let g = 31 - 7. Let u be 3/12 - 222/g. Let n(s) = -10*s + 7 - 13*s + 40*s - 16*s. Give n(u).
-2
Suppose 2*r - 5*r + 6 = 0. Let t(o) = 518*o**2 - 28 - 499*o**r - 21*o + o**3 + 0*o**3. Let k be t(-20). Let b(z) = -z**3 - 9*z**2 - 9*z + 3. Determine b(k).
11
Let o = -596 + 614. Let p be ((-1)/(1/(-3)))/(o/96). Let c(t) = t**2 - 16*t - 12. What is c(p)?
-12
Let j(z) = -2*z**2 + 28*z + 60. Let d be j(-2). Let r(t) = t**3 - t**2 - 1. Let g(p) = -5*p**3 + 8*p**2 + 5*p - 2. Let c(s) = d*r(s) - g(s). Give c(4).
-14
Let k(q) = -q**2 - q - 9. Let m(s) = -5*s**2 + 8*s + 33. Let t(i) = 4*k(i) - m(i). Determine t(16).
-5
Suppose 4 = b + 4*m - 27, -2*b + 17 = -m. Let w = b + -15. Let v(i) = -5 - 3*i - 3 - 5*i**2 + 8 + 4*i**2. What is v(w)?
-4
Let q(m) = m**3 - 3*m**2 + 3*m - 9. Let u be